 d + 15. Let o be -1 - -1 - (-3 + 14). Let v be k(o). Suppose -5*t = m - 102, v*m + 3 = -2*t + 321. Is m a prime number?
False
Let r(g) = -2*g - 2. Let h(p) = -4*p - 3. Let c(n) = -4*h(n) + 9*r(n). Let y be c(8). Let x = y - -71. Is x a composite number?
True
Let w(t) = t**3 - 5*t**2 + 8*t + 2. Let c be (6/1 + 0)/1. Is w(c) a prime number?
False
Let b(m) = m**2 - 3 - m**2 - m**2 - 3*m - 2*m. Let j be b(-3). Is (j + -22)*(-2 - -1) prime?
True
Let p = 1610 + -1057. Is p a composite number?
True
Let v = 7 + -5. Suppose -v*q = -3*q + 1. Let m(y) = 13*y. Is m(q) composite?
False
Suppose 49 = 5*a - 66. Is a a composite number?
False
Suppose 4*q = -d + 2740, 4*q - d - 2183 - 557 = 0. Is q a composite number?
True
Suppose b + 2*y = -29 + 260, 0 = 4*b + y - 952. Suppose -4*s + 29 + b = 0. Is s a prime number?
True
Let h(v) be the third derivative of 0 - 1/2*v**3 + 0*v + 1/4*v**4 + v**2. Is h(4) a composite number?
True
Let s = -11 + 14. Let k(n) be the second derivative of 2*n**3/3 + n**2/2 + n. Is k(s) composite?
False
Suppose -489 = -w - 3*a - 146, 4*w = -4*a + 1356. Is w a prime number?
True
Is (-44296)/(-70) - (-2 - (-9)/5) composite?
True
Let y(w) = 14*w**2. Let t be y(-2). Let u = 567 + t. Suppose -o - u = -4*j, j = -5*o - 0*o + 182. Is j prime?
True
Let z = 201 - -192. Is z a composite number?
True
Is (-4177)/(-5) + (-18)/45 a composite number?
True
Suppose -3*a + a - 38 = 0. Let r = 108 + a. Is r a prime number?
True
Let d(h) = 0*h**2 - 6*h**2 - 3*h - 2 + 2*h + h**3. Let a be d(6). Is 7*(0 - (1 + a)) a composite number?
True
Let f be (-2)/(2/(-4)*1). Suppose -5*w - f = 6, l = 4*w + 350. Suppose 4*g + 54 = i + 511, -3*g = -i - l. Is g a composite number?
True
Let f = 2 - 2. Suppose 5*g - 3*o - 460 = f, 0 = -0*g + 3*g + 5*o - 310. Is g a composite number?
True
Is (268/6)/((-8)/(-36)) composite?
True
Let l = -1 + 1. Suppose -69 = -l*n + n. Is 1/(0 + (-3)/n) a prime number?
True
Suppose 3*p - 26 = 2*p. Let a(d) = 2 + 1 + p*d + 0. Is a(8) a prime number?
True
Is 5/10*-2*(-563)/1 composite?
False
Suppose 5*y - 2*w = -3*w + 997, 2*y - 390 = 4*w. Is y composite?
False
Let a be 2/5 + (-2)/5. Suppose -z + a*z = -222. Suppose -4*h + z = 34. Is h a prime number?
True
Let b be -4*(5/(-2) - -4). Is ((-53)/5)/(b/30) a prime number?
True
Let m(g) = 40*g - 3. Let h(a) = -a - 6. Let n be h(-10). Is m(n) prime?
True
Let o be 1150/40 + 1/4. Let y = 68 - o. Is y a prime number?
False
Suppose 1 = -4*k - 3. Let s be k/(3/(-42)) + 2. Let c = 23 - s. Is c prime?
True
Let z(s) = -s**2 + 8*s - 10. Let n be z(7). Let u(y) = -y**3 - 3*y**2 + y + 4. Let g be u(n). Is (-1)/(g + -2) - -12 a composite number?
False
Suppose 0 = -v + 5*l + 99, 4*v + 5*l = v + 217. Is v prime?
True
Let c = 3 + 59. Let n(g) = -g**3 + 4*g**2 - 3*g - 1. Let t be n(4). Let b = c + t. Is b composite?
True
Suppose 0 = -0*g + 5*g - 2*v - 1051, -4*g + 833 = v. Is g prime?
False
Let t(b) = 4*b + 1. Let z be ((-8)/20)/(1/10). Let f = -2 - z. Is t(f) a composite number?
True
Let j(g) be the third derivative of g**5/60 - g**4/4 - 2*g**3/3 + g**2. Let v be j(7). Suppose v*o = -6 + 183. Is o composite?
False
Is (1 - 22/8)*-76 a prime number?
False
Let k(z) = -z**3 + z - 1. Let d(n) = -3*n**3 - n**2 + 8*n + 5. Let g(c) = -d(c) + 2*k(c). Is g(5) composite?
False
Suppose 0 = 4*w - 58 - 4174. Let l be 6 + -3 - w/(-2). Suppose -l = 3*s - 7*s. Is s prime?
False
Is 12/(-4) - 11*-22 a prime number?
True
Let a = -12 - -17. Suppose 0 = a*x + 68 - 2263. Is x prime?
True
Let r(d) = -d - 5. Let q be r(-5). Let c = 17 + -36. Let v = q - c. Is v a prime number?
True
Suppose -6*u + u = -125. Suppose r = 2*d - 5, -2*d = -3*d + 5*r + u. Suppose -4*v + 2*v + 20 = d. Is v composite?
True
Let m = -6 - -11. Suppose m*g = -4*y + 1211 + 18, -g + 246 = y. Suppose -2*a = l - 168, 3*a = 3*l - l + g. Is a prime?
True
Suppose -4*y + 22 - 2 = 0. Suppose 3*o - y*o = -2*i - 188, -197 = -2*o + 5*i. Is o a prime number?
False
Let v(f) = 4*f**3 - 15*f**2 + 5*f. Let n(b) = b**3 - b**2 - 1. Let q(p) = 5*n(p) - v(p). Is q(-7) composite?
True
Let p = -47 + 192. Is p a prime number?
False
Suppose -3*g = 3*n - 468, 120 + 46 = n - g. Is n a prime number?
False
Let c = -110 - -125. Is c prime?
False
Is 2707 + ((-8)/(-6))/(6/(-9)) prime?
False
Let p = -9 - -4. Let j(h) = h**3 + 6*h**2 + 4*h - 2. Let s be j(p). Let a(v) = 11*v + 4. Is a(s) a prime number?
True
Let w = -2 + 7. Suppose 2*p + 10 = 66. Suppose -155 = -5*r + 4*h, p + 65 = 3*r - w*h. Is r a composite number?
False
Let v(l) = 2*l**3 - 7*l**2 - 8*l + 6. Suppose 0 = -4*t - 4*k + 12, -k - 22 = 2*t - 6*t. Let b(j) = 2*j - 3. Let y be b(t). Is v(y) a prime number?
True
Is (-36)/126 - (-1115)/7 prime?
False
Suppose -2*j + w = j + 5, -2*w - 8 = 0. Is (-4)/(j*6/477) composite?
True
Let j be (-1)/((-6)/(-4))*12. Let v(f) = 1 - 3 - 9*f + 7 - f. Is v(j) composite?
True
Let d(q) = -2*q**3 - 6*q**2 + 17*q + 25. Is d(-12) a prime number?
False
Suppose 0 = 5*x + 25, -3*m + 7*m = 4*x - 536. Let b = 350 + m. Is b composite?
False
Let r be ((-2)/3)/((-10)/(-15)). Let u(k) = k**2 + 4*k + 3. Let l be u(-2). Is l/(r/(-3 + 92)) composite?
False
Suppose -p = p. Suppose 118 = -p*r + r. Suppose 0 = -5*d + r + 307. Is d a composite number?
True
Suppose 8*y - 81 = 5*y + 3*t, 5*y + 2*t = 156. Suppose -l + y = 2*a - 41, 4*l = 2*a - 86. Is a a composite number?
False
Let j(f) = -51*f - 13. Suppose 0 = -0*g + 2*g + 12. Is j(g) a prime number?
True
Let m = 9 - 4. Suppose -f + 5*f - p + 117 = 0, -2*f - m*p = 31. Let w = f - -75. Is w prime?
True
Let m(n) = n**3 - 3*n**2 - 9*n + 1. Let v = -17 - -10. Let w = v - -13. Is m(w) composite?
True
Let i be 1306 + 8/6*3. Suppose 0*n = -2*n + i. Is n a composite number?
True
Is 108 - (1 + -5)/(-2) prime?
False
Suppose 0 = -q + 2, -4*g + q + 0*q = 14. Is (78 - -3 - -1) + g a composite number?
False
Let d be (3 - 2)*(-1 + 1). Suppose z = -d*z + 348. Suppose -3*f - 66 = i - 178, 3*i - z = -5*f. Is i a composite number?
True
Suppose -5*i = 3*g + 65, 0*g = 5*i - 5*g + 105. Is i/(-4) + 2/(-2) composite?
False
Let f(d) = -270*d. Let v be f(-1). Let b = 137 - 246. Let i = b + v. Is i a prime number?
False
Let j = 24 + 63. Is j composite?
True
Let n(u) = -u + 3*u**2 - u**2 + 3*u**3 + 1 - u**2. Let o be n(1). Suppose -3*a - 31 = -o*a. Is a composite?
False
Let s(i) = -i**2 - 5*i - 3. Suppose -2*u + 1 = 5. Let o be s(u). Suppose 351 = o*g - 276. Is g a composite number?
True
Suppose -6*p + p + 1535 = 0. Is p a composite number?
False
Suppose -80 = 5*w - 1545. Is w a composite number?
False
Suppose 3*v - 18 = -3*m, 4*m - 5*v = 17 - 2. Suppose -m = -5*h + 5. Suppose 0 = h*a - w - 41, a - w + 2*w = 28. Is a composite?
False
Let h(m) = -m**2 - 6*m - 1. Let z be h(-5). Is (-226)/(-4) + 2/z prime?
False
Let v(c) be the second derivative of c**5/20 - c**4/12 + c**3/3 - c**2 + 2*c. Is v(3) a prime number?
False
Let d(y) = 17*y**2 - 6*y - 9. Is d(4) a prime number?
True
Let d be (-2)/(-2 + 0) + -1043. Let w = -599 - d. Is w a prime number?
True
Let z be 4/(-6) - 389/(-3). Suppose -5*x - 5 - 5 = 0. Let o = z + x. Is o composite?
False
Let p(x) = 4*x**2 + 4*x - 11. Let l(q) = q - 1. Let d(i) = -6*l(i) + p(i). Let w = -6 + 11. Is d(w) a composite number?
True
Suppose 5*a - 5810 = 5*v, 4*a - 3200 - 1454 = 2*v. Is a a prime number?
False
Suppose -5*o + t = 3*t - 19, -t + 2 = o. Suppose o*i = -r + 458, -443 = -5*i - 0*r + 4*r. Suppose k + 4 - i = 0. Is k prime?
False
Suppose -5*d = 93 + 57. Is (28/6)/((-4)/d) prime?
False
Let c = 4 + -8. Let j(p) = -p**3 + p**2 - 2*p + 1. Is j(c) prime?
True
Let y(p) = 11*p**2 + 3 - 2 + 2*p + 3*p**2. Is y(-1) a composite number?
False
Suppose -5*i = -3*m - 798 + 5484, -3*m + 3*i + 4692 = 0. Is m composite?
False
Let t(f) = -f**3 + 3*f**2 - 3*f + 3. Let x be t(2). Let a be -3*((-426)/9)/2. Is a - 2 - x - -1 prime?
False
Suppose 2*a - 449 = -5*v, -v + 1 + 78 = -5*a. Suppose -o = 3*r - 267, -r - 5*o + v = -0*r. Is r prime?
True
Let v(p) = -p**3 - 7*p**2 + 3*p - 17. Is v(-14) a prime number?
False
Suppose 0 = c - 2 + 7. Let u(l) = -l**2 - 1 + 0*l**2 + l**2 + l + l**2. Is u(c) a prime number?
True
Is ((-9)/18)/((-3)/894) composite?
False
Suppose 7*d = 2*d + s + 29, 3*d = -4*s + 22. Let k = d + -26. Let u = 39 + k. Is u prime?
True
Let w(q) = -q**3 + 19*q**2 - 13*q + 1. Is w(12) 